4 + 5 - 13?
28
What is -12 + (-3 + 5 - 1) - (-80 - -162 - -49)?
-142
What is -60 - -5 - (92 - 104) - (-7 + 0)?
-36
Evaluate 21 - (15 - 26 - -5 - 1).
28
Calculate 69 - 87 - (-82 - 3).
67
Calculate 8 + -2 + (-15 - 100 - (14 - 51 - -19)).
-91
2 + -55 + -4 + -1 + -13 + 1 + 23
-47
What is the value of 2700 - 2729 - (-74 - 0)?
45
Calculate -125 - (-146 - -54) - -122.
89
What is the value of -20 + -17 + (-1 - -10) + 23 + -80?
-85
123 + -2 + 0 + 5 + -3 + (1543 - 1535)
131
What is the value of -25 + -42 + 20 + 12?
-35
What is the value of -33 + 75 + -103 - 9?
-70
What is 23 + (76 - (170 + -49))?
-22
What is the value of -96 + (4 - 2) - ((168 - 232) + (57 - 1))?
-86
Evaluate 1 + -5 + (36 - -22).
54
Calculate (2306 - 2322) + (16 - 1).
-1
What is the value of (26 - 13) + (-17 - -31) - (0 + 1)?
26
Calculate 76 - (-1 - -46 - 1).
32
What is the value of (-38 - (-6 - 46)) + -11 + 1 + 4?
8
What is the value of -112 - ((-16 - (-25 + 40)) + -1)?
-80
Evaluate 141 - (-5 + 7 + (0 - 1) + -3 + 16).
127
2 + 5 + (3 - 7) - (-1030 - -1072)
-39
What is the value of 13 + (-6 + -8 + -15 - -21)?
5
Evaluate -343 + 310 - (1 + -14).
-20
What is the value of -8819 + 8862 + 27 + 1?
71
What is the value of (59 - (10 + 37)) + -2 - -36?
46
What is the value of 2 + (14 - -2) - (-1400 - -1367)?
51
Evaluate -5 + (18 - 0) + -6 - (-32 - 2).
41
Calculate 15 + 11 + -33 + (42 - (-2 - -7)).
30
-20 - (25 + (17 - 39)) - 36
-59
Calculate 9 + -5 - 1 - 2 - (55 + -60).
6
What is (14 + 1 - 5) + (-13 - -13 - -4) + -12?
2
What is the value of 7 + -2 - 3 - (-35 + 13) - -11?
35
-41 - 19 - (11 + 2 + 106 + -99)
-80
(122 - (-6 - -4)) + (12 + -4 - (-1 - -22))
111
Calculate 1 - -72 - ((15 - (8 - -3)) + 9).
60
What is (-28 - (-8 - 98)) + -15?
63
What is -1 + 38 + (305 - 420) - 23?
-101
What is the value of 3 - (-18 + 11) - (62 + -11 + 2 + -2)?
-41
What is 1 + 41 + 0 - (166 - 194)?
70
(-2 - 1) + (-115 - -66 - -56) - (48 + 2)
-46
What is the value of (6 - -1 - 11) + (-28 + 20 - -27)?
15
-20 + 1 + (-12 - -16) - (9 - -8)
-32
Evaluate 56 + (-4 - ((-16 - (-37 - -34)) + 0 + 4)).
61
Calculate 9 - (3 - 1) - (-35 - (-3 + -20)).
19
Calculate -3 - 53 - (-110 - -80).
-26
52 - (92 + 40 + -40)
-40
What is the value of 1 + (4 - 20) + 36 + -35 + 3 + -25?
-36
Evaluate -39 + (-7 - (-10 - -5) - 2) + 6.
-37
What is -6 + (-17 - -4) - (-426 + 347)?
60
-13 + 23 - 12 - (1 - -56) - -8
-51
What is (2 + -1 - 3) + 23 - (544 + -540)?
17
What is the value of -123 - -6 - (-5197 + 5164)?
-84
Calculate (-11 - -1) + 7 + (-18 + 9 - -17).
5
Evaluate (16 + -20 - -24) + (-8 - -2 - 0).
14
(-27 + 22 - -146 - 17) + (2 - 10)
116
90 + (-6 - (-14 + 4) - -10) - -23
127
(1 - (8 - (-17 + -13))) + (25 - 35)
-47
Calculate -16 + 8 + -9 + 50.
33
Evaluate (-8 - -3 - -21) + -9 - ((20 - -65) + 13).
-91
What is (83 - 39) + 123 + -33 + -44?
90
What is (-22 + 39 - 32 - (-14 + 2)) + -17?
-20
What is the value of (-1 - -49 - (-321 + 340)) + 6?
35
Calculate 1 - 70 - (-7459 - -7342).
48
-137 - (-15 - 105) - 99
-116
6 + (-1 + 9 - 2) - (24 - (20 + -50))
-42
What is (-81 - 0) + (-71 - -64) + -16 + 23 + -8?
-89
What is the value of 8 - ((5 + -5 - -56) + -8 - (5 - 5))?
-40
What is 246 + -191 - (-1 - (9 - -1))?
66
What is the value of -29 - (57 + -22 - -9 - 41)?
-32
What is the value of 24 + -11 + -2 + (9 + -6 - 7)?
7
Calculate -4 + (-10 - (-12 - 16)) + -3 + 39.
50
Calculate -12 - (-12 + (-27 - 3) + -30).
60
What is -161 + (-93 - (-258 - -95))?
-91
-151 + 55 - -256 - 84
76
Evaluate 18 + (-88 - -6) + 33 - (9 - 1 - -1).
-40
What is 30 - (-11 - (19 - 38 - 10))?
12
What is the value of -31 + -10 - (0 - 64)?
23
What is 12 - (-2 - -8 - 5 - -10 - 3)?
4
Evaluate 85 + 0 - (-1402 - -1396).
91
-70 + 3 + 57 - -78
68
Calculate 62 - (39 + -39) - 134.
-72
Calculate 140 + (148 - 111) + -86.
91
-16 - (-12 - (11 + -13 + -18))
-24
Evaluate 10 + (28 - 88) + (-6 - -7).
-49
What is -57 + (-28 + 9 - 2) + 38?
-40
What is -9 + 2 + (266 - 216) + -2?
41
What is the value of -199 + 193 - (-23 + -5)?
22
What is the value of -6 + (-2 + -71 - -3) + 351 + -368?
-93
Calculate (11 - 7 - -16 - -14) + -11.
23
-815 + 803 + 0 + -19
-31
What is the value of 0 + 67 - (-3420 + 3438)?
49
Evaluate 72 + (-3 - 75) + -61.
-67
Calculate (-13 - -7) + (11 - (-7 + -23)).
35
What is the value of 6 + 88 - (501 + -471 - (1 + 20))?
85
Evaluate -3 - (74 + -13 + -32 + 22).
-54
What is -43 + 10 + -9 - -24?
-18
-55 + 16 - -43 - (-8 - -10)
2
What is (22 - 16) + (1 - 0) + -3 - (18 - 17)?
3
What is the value of 3 + 48 + 3 - (1048 - 1019 - (34 - 0))?
59
What is the value of (3 - (-2 - -1)) + -34 - (-148 + 74 + 79)?
-35
Calculate 8483 - 8470 - (28 + 0).
-15
What is the value of (5 - 0) + (5 - 23) - 18?
-31
What is 1 + -3 - (2189 + -2224)?
33
Calculate -2 + (-66 - (-9 + -7)) + -34.
-86
Calculate -29 - (-102 - -47 - -27).
-1
What is -3 + 48 - (5 - 19 - -12)?
47
Calculate -3 - (8 - (14 - (-10 + 7 + 18))).
-12
3 - (42 + 19 + -28)
-30
What is the value of -8 - (-15 - (56 + (1 - 13) + 15))?
66
-1 + 11 - (-1 - 0) - (-43 + 84 + -9)
-21
3 + -6 - -20 - (-65 - -49)
33
52 + -53 + 5 + (-30 - 0) + 1
-25
What is the value of (2 - -26) + (38 - 17) - (13 + -3)?
39
Evaluate 149 - (570 + -553 - (1 - -11)).
144
15 - 13 - (-13 + 2) - (-386 + 472)
-73
What is -42 + 38 + -67 + 20?
-51
(21 - 24) + -190 - -109
-84
What is -19 + 2 + 2 + (-27017 - -27025)?
-7
What is -105 - 259 - -133 - -142?
-89
Evaluate 4306 + -4303 + (-105 - 1).
-103
What is -134 + 36 - -22 - (-2 + -4 - 2)?
-68
What is -35 - (2 + (-16 - 16))?
-5
What is -11 + (-22 + 46 - -13) - -40?
66
Calculate (4 - 6 - (21 + -4 + (7 - 10))) + -72.
-88
Calculate (21 - (-13 + 0)) + -27.
7
204 - (158 - 102) - 57
91
What is -8 + -19 + -2 - (-20 + (-6 - -17))?
-20
Calculate -35 + 148 + -2 - 91.
20
12 - (-17 - (-15 - -10 - -13))
37
Calculate 0 - 2 - ((8 - 1) + 1).
-10
What is 85 - ((122 - 221) + 112)?
72
What is the value of (-5 - -3) + -25 - (-399 - -417)?
-45
What is the value of (-11 + 3 - 13) + 71 - 20?
30
Evaluate -34 - (55 - 97) - 39.
-31
What is (-5 - (-5 - 1)) + 23 + 37 + -103?
-42
What is (452 - 523) + -2 + 19 + -7?
-61
What is the value of 1 - (8 + 11 - 12 - 10) - -34?
38
What is the value of -1 + 10 + (56 - (31 + -38 - 16 - 3))?
91
Evaluate 9 + (-50 - -30) - (27 + -2).
-36
Evaluate -34 - (-26 + -5 + (25 - -11)).
-39
What is 29 - (-20 - -9) - 27 - (3 - -1)?
9
What is the value of 6 + (13 - 0) + (7 - 49 - 48)?
-71
Evaluate (-65 - -12) + 29 + -2.
-26
What is -15 + (7 + (28 - 15) - 14)?
-9
Calculate -3 + (70 - (83 + -92 - ((3 - -1) + -5))).
75
What is the value of -126 - ((46 - 17) + -169)?
14
25 + 85 + -173 + -62
-125
3 + 12 + -38 - (1 - (-1 - (-5 + 11)))
-31
Calculate (-4 + 5 - 90) + -4 + (-28 - (-18 - 3)).
-100
What is the value of (-60 - -37 - -4) + 3 + -2?
-18
16 + 0 + (-35 - -10) + -71 + 55
-25
Calculate 27 - (-52 - (-57 + -35)).
-13
Calculate 2019 + -2010 + 2 + -1 + -80 + -2 + -11.
-83
Calculate 141 + -159 - (-8 - -5 - -9).
-24
(-1 - 6) + (-26 - (-35 - 11) - (83 - 0))
-70
Evaluate (83 + -75 - -153) + (-32 - -4).
133
Evaluate 99 + ((-8 - 9) + 3 - (2 - 1)).
84
What is the value of -27 + 1 + 10 + -36 + 25?
-27
Calculate 54 + 3 + (-2444 - -2438).
51
What is the value of (-30 - (47 + 42 + 0)) + 12 + -2?
-109
(-39 - -3) + 75 - 58
-19
Calculate -2 + 3 - 21 - (12 - (-44 + 42)).
-34
Evaluate 21 - ((-2 + (11 - -6) - 5) + -4).
15
Calculate (77 - ((7 - (-1 + 15)) + 7)) + -12.
65
Evaluate -29 - 15 - -62 - 50.
-32
What is the value of -16 - (-10 + -36 - -25) - 3?
2
-44 + -2 - (-1709 - -1694)
-31
What is the value of -20 - (-6 + 14 + -14 - 5) - -58?
49
Evaluate -887 - -892 - ((-1 - 0) + -27 + 48).
-15
Calculate -11 + (-42 - (61 - 90) - (-8 + 0)).
-16
What is the value of 2 + -2 - 3 - (25 - 19) - (1 + -58)?
48
Evaluate ((17 - 2) + 0 - (1179 - 1175)) + -56.
-45
Evaluate -61 + (12 - (9 - -11)) + 17 + (-2 - 9).
-63
Calculate (32 - -3) + (5696 - 5790).
-59
Calculate 8 + (-64 - (-1 + -5 - -4)) + (-8 - -10).
-52
What is the value of -51 + 3 - 2 - (-13 - -2 - (-1020 + 1011))?
-48
5 - (19 - (-8 - -20) - -13)
-15
What is the value of (1426 - 1514 - (0 + 32)) + 36?
-84
Evaluate -6 + -9 + (-280 - -263) + 38.
6
Calculate (-26 - (-38 + 12)) + -19 + (6 - 2).
-15
(-7 - 2 - (6 - -3 - (49 - 6))) + 0
25
What is the value of (2 - (-72 + -42)) + -8?
108
Calculate -224 + 221 + -45 + (-1 + 5 - (9 + -4)).
-49
Evaluate 4 - -6 - (-369 